s divided by 3.
2
Calculate the remainder when 47606488 is divided by 560076.
28
Calculate the remainder when 740970 is divided by 73983.
1140
What is the remainder when 488904 is divided by 192?
72
Calculate the remainder when 206532321 is divided by 3964.
3957
What is the remainder when 3498 is divided by 129?
15
What is the remainder when 321484 is divided by 18910?
14
Calculate the remainder when 1435112 is divided by 1901.
1758
What is the remainder when 499437 is divided by 249711?
15
Calculate the remainder when 1984616 is divided by 412.
12
What is the remainder when 1897457362 is divided by 19?
18
Calculate the remainder when 1348622 is divided by 137.
131
What is the remainder when 59023890 is divided by 257?
242
Calculate the remainder when 26515 is divided by 8816.
67
Calculate the remainder when 821078 is divided by 54677.
923
What is the remainder when 114697811 is divided by 6300?
11
Calculate the remainder when 439808 is divided by 261.
23
What is the remainder when 2117149 is divided by 1162?
1147
Calculate the remainder when 157064762 is divided by 1174.
1172
What is the remainder when 11832864 is divided by 12820?
4
What is the remainder when 61968 is divided by 15479?
52
Calculate the remainder when 16851581 is divided by 9646.
19
Calculate the remainder when 271931657 is divided by 140.
137
Calculate the remainder when 137753 is divided by 10.
3
What is the remainder when 144858130 is divided by 783?
781
Calculate the remainder when 2857673 is divided by 1565.
1548
What is the remainder when 2306413 is divided by 153756?
73
Calculate the remainder when 11792470 is divided by 319.
316
Calculate the remainder when 7262351 is divided by 310.
291
Calculate the remainder when 813375 is divided by 12936.
11343
What is the remainder when 5475571 is divided by 1153?
1127
Calculate the remainder when 706328 is divided by 78477.
35
Calculate the remainder when 220978 is divided by 71927.
5197
What is the remainder when 1776951 is divided by 1234?
1225
Calculate the remainder when 43486713 is divided by 362.
15
Calculate the remainder when 59161738 is divided by 1908443.
5
What is the remainder when 1319011 is divided by 150?
61
Calculate the remainder when 22516 is divided by 10368.
1780
Calculate the remainder when 908387 is divided by 2416.
2387
What is the remainder when 182423 is divided by 617?
408
Calculate the remainder when 2359585 is divided by 559.
46
Calculate the remainder when 5622013 is divided by 936997.
31
Calculate the remainder when 19625132 is divided by 929.
7
Calculate the remainder when 302371 is divided by 260.
251
What is the remainder when 12739523 is divided by 4246476?
95
Calculate the remainder when 6344 is divided by 98.
72
What is the remainder when 216498 is divided by 2833?
1190
What is the remainder when 5072709 is divided by 4141?
4125
Calculate the remainder when 31464 is divided by 10100.
1164
Calculate the remainder when 3135585 is divided by 360.
345
What is the remainder when 139013 is divided by 365?
313
What is the remainder when 276110 is divided by 23008?
14
What is the remainder when 12142546 is divided by 23?
18
Calculate the remainder when 68103 is divided by 147.
42
Calculate the remainder when 691224 is divided by 230407.
3
Calculate the remainder when 2515861 is divided by 5797.
5760
What is the remainder when 768505 is divided by 725?
5
Calculate the remainder when 1616837 is divided by 512.
453
Calculate the remainder when 4517152 is divided by 645307.
3
What is the remainder when 38309 is divided by 704?
293
Calculate the remainder when 196374 is divided by 312.
126
What is the remainder when 127198501 is divided by 47233?
32
Calculate the remainder when 6017 is divided by 271.
55
What is the remainder when 327191169 is divided by 14?
11
Calculate the remainder when 132355 is divided by 1335.
190
What is the remainder when 3074985 is divided by 2822?
1827
What is the remainder when 11479349 is divided by 425161?
2
Calculate the remainder when 267664 is divided by 10679.
689
Calculate the remainder when 33768 is divided by 13403.
6962
Calculate the remainder when 116815 is divided by 21.
13
What is the remainder when 1398334 is divided by 501?
43
What is the remainder when 618284 is divided by 7199?
6369
Calculate the remainder when 543756198 is divided by 27.
12
Calculate the remainder when 8223484 is divided by 95.
94
Calculate the remainder when 41336659 is divided by 41336653.
6
Calculate the remainder when 885881 is divided by 1395.
56
Calculate the remainder when 50392794 is divided by 5599199.
3
Calculate the remainder when 67302497 is divided by 110.
97
Calculate the remainder when 89248 is divided by 2574.
1732
What is the remainder when 16579639 is divided by 809?
802
What is the remainder when 6772340 is divided by 8082?
7706
What is the remainder when 1070423 is divided by 188?
139
What is the remainder when 320947 is divided by 14050?
11847
What is the remainder when 304988 is divided by 1763?
1752
Calculate the remainder when 1742163 is divided by 66.
27
What is the remainder when 58651 is divided by 4408?
1347
Calculate the remainder when 4520293 is divided by 72.
61
Calculate the remainder when 2941957 is divided by 1470966.
25
Calculate the remainder when 34646 is divided by 11545.
11
Calculate the remainder when 27381 is divided by 8440.
2061
Calculate the remainder when 1390414 is divided by 5944.
5462
Calculate the remainder when 42282 is divided by 13971.
369
What is the remainder when 86770487 is divided by 38?
33
What is the remainder when 2422022 is divided by 47?
18
Calculate the remainder when 3036838 is divided by 1600.
38
Calculate the remainder when 53798478 is divided by 363503.
34
Calculate the remainder when 51229723 is divided by 526.
479
What is the remainder when 765884 is divided by 33299?
7
What is the remainder when 43579 is divided by 7235?
169
Calculate the remainder when 481368 is divided by 3789.
165
What is the remainder when 2440387 is divided by 97615?
12
What is the remainder when 5543805 is divided by 1847931?
12
Calculate the remainder when 1145815 is divided by 6944.
55
What is the remainder when 233406 is divided by 9276?
1506
What is the remainder when 160445 is divided by 2504?
189
What is the remainder when 7475598 is divided by 10929?
162
Calculate the remainder when 8057085 is divided by 473946.
3
What is the remainder when 985878 is divided by 998?
852
Calculate the remainder when 1322592 is divided by 37.
27
What is the remainder when 90820 is divided by 3630?
70
What is the remainder when 52329 is divided by 26113?
103
What is the remainder when 16841984 is divided by 20?
4
What is the remainder when 1970013201 is divided by 10039?
10036
Calculate the remainder when 161636 is divided by 53456.
1268
Calculate the remainder when 19623005 is divided by 7.
3
Calculate the remainder when 27811363 is divided by 266.
265
Calculate the remainder when 120518517 is divided by 120.
117
Calculate the remainder when 988294 is divided by 16.
6
What is the remainder when 4906760 is divided by 1170?
950
Calculate the remainder when 34023995 is divided by 152.
11
What is the remainder when 36036 is divided by 17960?
116
What is the remainder when 203368 is divided by 65769?
6061
What is the remainder when 669075 is divided by 223014?
33
Calculate the remainder when 80152457 is divided by 2384.
2377
Calculate the remainder when 250581 is divided by 62418.
909
Calculate the remainder when 53199 is divided by 2410.
179
Calculate the remainder when 1986941 is divided by 831.
20
Calculate the remainder when 25621943 is divided by 2724.
2723
Calculate the remainder when 368668 is divided by 891.
685
Calculate the remainder when 1672260 is divided by 8457.
6231
What is the remainder when 10840015 is divided by 63?
46
What is the remainder when 1067306 is divided by 2471?
2305
What is the remainder when 441300 is divided by 13510?
8980
What is the remainder when 1438721 is divided by 479542?
95
Calculate the remainder when 9029816 is divided by 490.
96
What is the remainder when 430132 is divided by 7?
3
Calculate the remainder when 189135749 is divided by 250.
249
Calculate the remainder when 9305564 is divided by 186111.
14
Calculate the remai